t k(h) = -7*h - 2. Calculate k(9).
-65
Let r(m) = -m**3 + 41*m**2 + 40*m + 77. Calculate r(42).
-7
Let v(f) = f**2 + f + 22. Calculate v(0).
22
Let g(z) = -z**2 - 4*z + 64. Give g(-10).
4
Let b(x) = -x + 2. Calculate b(5).
-3
Let i(t) = -17*t - 87. Give i(-7).
32
Let p(g) = -g**3 + 10*g**2 + 10*g + 11. What is p(11)?
0
Let w(d) = d**2 + 2*d - 74. Calculate w(-10).
6
Let q(l) = 4*l + 6. Give q(7).
34
Let b(k) = -2*k**2 - 8*k - 4. Determine b(-6).
-28
Let d(p) = p - 20. Calculate d(20).
0
Let j(m) = 2*m**3 + 2*m**2 - 14*m - 6. Determine j(-4).
-46
Let q(r) = 12*r + 135. Determine q(-11).
3
Let z(r) = r**3 + 13*r**2 + 5*r - 19. Give z(-12).
65
Let l(q) = q**3 - 6*q**2 - 49*q + 18. What is l(-5)?
-12
Let o(m) = -m**3 - 19*m**2 - 18*m - 5. What is o(-18)?
-5
Let m(p) = p**2 - 14*p + 19. Calculate m(12).
-5
Let y(m) = -12*m + 46. Calculate y(4).
-2
Let o(w) = 23*w**2 - 345*w + 5. Determine o(15).
5
Let r(n) = -n**3 + 24*n**2 - 26*n + 54. What is r(23)?
-15
Let p(k) = -k**3 - 10*k**2 - 3*k - 69. What is p(-11)?
85
Let d(g) = -3*g**2 + 28*g + 23. Calculate d(10).
3
Let b(i) = -4*i + 57. Determine b(15).
-3
Let s(n) = -44*n**3 + 2*n**2 - n. What is s(1)?
-43
Let x(j) = -j + 1. What is x(10)?
-9
Let x(c) = -c**3 + c**2 - 2*c + 4. What is x(2)?
-4
Let y(s) = 13*s - 121. Calculate y(9).
-4
Let a(c) = -c + 17. Give a(15).
2
Let f(l) = -2*l**2 + 27*l + 27. Give f(14).
13
Let c(x) = 2*x**3 + 2*x**2 - 4*x - 3. Calculate c(-3).
-27
Let y(l) = -l**2 - 11*l + 9. Calculate y(-11).
9
Let t(n) = -2*n**3 - 7*n**2 - 4. Give t(-5).
71
Let t(n) = n**3 - 6*n**2 - 9*n + 6. What is t(7)?
-8
Let n(d) = d**2 + 14*d + 17. Give n(-9).
-28
Let l(d) = -d - 1. Calculate l(2).
-3
Let i(f) = -f**3 + 11*f**2 - 23*f - 13. What is i(8)?
-5
Let v(z) = 2*z - 9. Calculate v(0).
-9
Let g(v) = -42*v**2 - v - 2. Determine g(1).
-45
Let w(x) = x**3 + 3*x**2 + 6*x + 14. Give w(-5).
-66
Let y(h) = -h**2 - 11*h + 18. What is y(-13)?
-8
Let a(c) = 4*c + 78. What is a(-10)?
38
Let u(o) = 2*o - 6. What is u(7)?
8
Let r(j) = 2*j**2 + 22*j + 40. Calculate r(-4).
-16
Let z(f) = -f**3 - f**2 + 3*f + 1. Determine z(-2).
-1
Let s(u) = -u**3 - 8*u**2 + 6*u + 56. Determine s(-8).
8
Let k(m) = -m**2 - m - 4. What is k(3)?
-16
Let z(c) = -18*c - 6. Determine z(-6).
102
Let a(z) = -z**3 - 31*z**2 - 29*z + 32. What is a(-30)?
2
Let q(w) = -3*w + 19. Determine q(7).
-2
Let t(p) = -2*p**3 - 9*p**2 - 5*p + 7. What is t(-6)?
145
Let g(v) = v**3 - 5*v**2 - 5*v - 9. Determine g(6).
-3
Let y(u) = 3*u**3 + 7*u**2 + 10*u + 10. Calculate y(-2).
-6
Let y(z) = -z**2 - 21*z + 22. Give y(-22).
0
Let y(f) = -f**3 - 5*f**2 + 4*f + 4. Give y(-4).
-28
Let x(i) = -i**3 - 27*i**2 - 2*i - 96. Give x(-27).
-42
Let o(p) = p**2 + 2*p. Determine o(-3).
3
Let o(b) = -b**2 + b - 16. What is o(0)?
-16
Let c(p) = p**3 + 6*p**2 - 5*p - 2. Calculate c(-7).
-16
Let u(m) = m**2 + 8*m + 21. Determine u(-5).
6
Let v(l) = 2*l**2 + 5*l + 18. Calculate v(-4).
30
Let l(q) = -q**2 - 6*q + 11. Determine l(-9).
-16
Let y(p) = 11*p**2 + 2*p + 1. Give y(0).
1
Let u(t) = -3*t**2 + 29*t + 5. Determine u(10).
-5
Let u(g) = -3*g + 3. What is u(-2)?
9
Let h(q) = -q**3 - 17*q**2 + 18*q + 36. Determine h(-18).
36
Let m(v) = v**3 + 10*v**2 + 18*v + 26. What is m(-6)?
62
Let c(q) = q**3 + 6*q**2 + 2*q + 3. Determine c(-5).
18
Let f(g) = -g + 20. Determine f(5).
15
Let p(f) = -f**3 - 2*f**2 + 10*f + 4. Determine p(-4).
-4
Let t(b) = -b**3 + 7*b**2 - 9. Calculate t(6).
27
Let j(w) = w**3 - w - 3. Calculate j(0).
-3
Let i(n) = n**2 - 10*n + 22. Give i(7).
1
Let l(x) = x**3 + 19*x**2 + 27*x + 160. Determine l(-18).
-2
Let h(o) = 47*o - 43. Give h(1).
4
Let c(w) = -2*w + 5. Give c(9).
-13
Let u(j) = -j**3 - 6*j**2 - 3*j - 6. Calculate u(-6).
12
Let t(k) = -k**2 + 13*k + 98. What is t(-5)?
8
Let n(q) = 6*q - 4. Determine n(4).
20
Let l(s) = s**2 - 8*s + 18. Give l(3).
3
Let b(o) = 2*o + 4. What is b(8)?
20
Let t(k) = 2*k**3 - k**2 + k. Give t(2).
14
Let n(c) = -c**3 - 30*c**2 - 28*c + 32. Calculate n(-29).
3
Let n(p) = -p**2 + 16*p + 15. Give n(17).
-2
Let s(y) = y**3 - 18*y**2 - 24*y + 85. What is s(19)?
-10
Let r(s) = s + 7. Give r(0).
7
Let y(l) = -l - 6. Give y(-15).
9
Let q(d) = -26*d. Determine q(1).
-26
Let y(g) = 56*g + 91. Calculate y(-2).
-21
Let m(o) = -o + 7. Calculate m(3).
4
Let q(z) = 3*z**2 + 60*z + 154. Give q(-3).
1
Let g(w) = -w**3 - 8*w**2 + 10*w - 21. Calculate g(-9).
-30
Let l(r) = 11*r**3 + 157*r**2 + 41*r - 11. Calculate l(-14).
3
Let i(q) = 23*q - 86. Give i(3).
-17
Let y(n) = 8*n**3 - 4*n**2 + 2. Calculate y(1).
6
Let g(q) = q**3 - 26*q**2 + 26*q - 28. What is g(25)?
-3
Let h(v) = -v**3 + 16*v**2 + 39*v - 10. Calculate h(18).
44
Let u(i) = -i**3 + 15*i**2 - 16*i + 16. Give u(14).
-12
Let c(t) = -2*t**3 - 3*t**2 - 5*t + 1. Calculate c(-2).
15
Let s(r) = r**3 - 8*r**2 + 7. Give s(8).
7
Let a(v) = v**3 + 3*v**2 + 2*v + 2. Calculate a(-2).
2
Let j(t) = 2*t**2 + 35*t + 68. Give j(-2).
6
Let o(n) = -n**3 + 4*n**2 - n - 1. Determine o(2).
5
Let v(a) = -20*a**2 - a. What is v(-1)?
-19
Let m(n) = -n**2 - 13*n - 30. Determine m(-5).
10
Let r(o) = o**3 - 15*o**2 + 14*o - 6. What is r(14)?
-6
Let p(f) = f**3 + 7*f**2 + 6*f + 2. Give p(-2).
10
Let z(g) = -g**3 - 8*g**2 - 14*g - 3. Determine z(-6).
9
Let c(u) = u**3 - 16*u**2 - 8*u - 57. Give c(17).
96
Let i(m) = -m**3 + 3*m**2 + 16*m + 1. Calculate i(6).
-11
Let c(r) = -3*r**3 - 48*r**2 - 1. Determine c(-16).
-1
Let z(p) = -p**2 - 12*p - 54. Determine z(-5).
-19
Let i(o) = -2*o**2 - o + 2. What is i(4)?
-34
Let p(s) = -s**2 - 18*s - 61. Determine p(-6).
11
Let w(j) = j**3 - 3*j**2 + 7*j - 4. Calculate w(5).
81
Let m(x) = x**3 - 6*x**2 + 3*x - 3. Calculate m(5).
-13
Let o(v) = -v**3 - 14*v**2 + 14*v + 40. Give o(-15).
55
Let r(d) = -d**3 + 19*d**2 + 39*d - 12. What is r(21)?
-75
Let n(g) = 8*g - 9. What is n(4)?
23
Let l(m) = m**3 - 3*m**2 - 2. Determine l(5).
48
Let t(s) = -12*s - 16. Give t(8).
-112
Let s(z) = 5*z - 49. What is s(-17)?
-134
Let i(z) = 5*z - 6. Give i(2).
4
Let h(b) = -3*b + 20. Give h(-4).
32
Let m(t) = t**3 + 4*t**2 - 17*t - 26. Calculate m(-6).
4
Let f(s) = -5*s - 11. Give f(7).
-46
Let t(v) = -v**2 - 9*v - 22. What is t(-6)?
-4
Let o(h) = h**2 - 9*h + 4. What is o(4)?
-16
Let j(z) = -2*z - 4. Determine j(4).
-12
Let m(d) = -2*d**2 + 19*d - 53. What is m(4)?
-9
Let k(g) = 2*g**2 + 2*g - 17. Give k(-7).
67
Let z(q) = -q**3 + 5*q**2 - q - 1. What is z(2)?
9
Let q(f) = -f**3 - 14*f**2 + 16*f + 10. Give q(-15).
-5
Let v(c) = -c**2 + 15*c. Determine v(9).
54
Let k(s) = -2*s**2 + 28*s + 2. What is k(14)?
2
Let m(b) = -b**3 - 3*b**2 + 8*b + 14. Calculate m(-4).
-2
Let u(k) = 3*k - 17. Determine u(4).
-5
Let w(n) = n**2 + 14*n - 4. What is w(-11)?
-37
Let c(v) = -v**2 - 18*v - 34. Calculate c(-14).
22
Let f(j) = -j**2 + 6*j + 4. What is f(4)?
12
Let v(r) = -40*r**2 - 3*r - 2. Calculate v(-1).
-39
Let b(n) = -25*n + 21. Give b(-3).
96
Let u(g) = 4*g**2 - 6*g + 1. What is u(3)?
19
Let b(s) = s**2 + 14*s + 12. Determine b(-14).
12
Let a(y) = 3*y**2 + 2*y - 3. Determine a(3).
30
Let a(k) = 5*k + 1. Determine a(1).
6
Let k(h) = -2*h - 15. What is k(-5)?
-5
Let n(x) = x**3 + 3*x**2 + 5*x + 1. What is n(-2)?
-5
Let t(o) = o**3 + 17*o**2 - 17*o + 11. What is t(-18)?
-7
Let m(p) = -2*p**2 + 42*p - 41. Give m(1).
-1
Let p(o) = -o**3 + 3*o**2 - 3*o + 5. What is p(2)?
3
Let a(k) = -k**2 + 5*k - 14. Calculate a(4).
-10
Let s(z) = 10*z + 29. Determine s(-9).
-61
Let d(a) = -a**2 + 7*a - 7. What is d(7)?
-7
Let p(o) = -o**3 - 8*o**2 - 13*o + 2. What is p(-3)?
-4
Let y(s) = -6*s**2 + s - 4. Give y(-2).
-30
Let b(g) = -g**3 + g**2 + 29*g. What is b(6)?
-6
Let p(y) = -y - 5. Give p(-6).
1
Let o(z) = -z**3 + 20*z**2 + 18*z + 56. Calculate o(21).
-7
Let j(f) = f**3 - 5*f**2 - 13*f - 1. Determine j(7).
6
Let i(b) = b**2 - 15*b - 45. Determine i(17).
-11
Let b(f) = 12*f**2 + 4*f + 3. Give b(-1).
11
Let u(o) = -48*o**3 + 2*o - 1. Give u(1).
-47
Let t(d) = -d**3 + 3*d**2 - 2*d - 5. Determine t(3).
-11
Let j(x) = x + 55. Calculate j(-49).
6
Let y(v) = 9*v - 34. Determine y(4).
2
Let s(v) = v**2 - 3*v + 2. Determine s(-7).
72
Let p(s) = -s**2 - 12*s - 10. What is p(-2)?
10
Let g(p) = -49*p + 491. Give g(10).
1
Let m(o) = -o**3 + 3*o**2 + 9*o + 11. Determine m(5).
6
Let q(t) = -t**3 + t**2 - 9*t - 7. Determine q(